{"id":245,"date":"2021-04-12T18:04:32","date_gmt":"2021-04-12T18:04:32","guid":{"rendered":"http:\/\/www.castillapack.es\/?page_id=245"},"modified":"2021-07-08T11:08:39","modified_gmt":"2021-07-08T11:08:39","slug":"formadoras-de-cajas","status":"publish","type":"page","link":"https:\/\/www.castillapack.es\/?page_id=245","title":{"rendered":"Formadoras de cajas"},"content":{"rendered":"<p>[et_pb_section fb_built=\u00bb1&#8243; admin_label=\u00bbHero\u00bb _builder_version=\u00bb3.22&#8243; background_image=\u00bbhttp:\/\/www.castillapack.es\/wp-content\/uploads\/2021\/03\/circle-background-pattern.png\u00bb min_height=\u00bb1302.4px\u00bb custom_margin=\u00bb||-105px|||\u00bb custom_padding=\u00bb||0px|||\u00bb animation_style=\u00bbzoom\u00bb animation_intensity_zoom=\u00bb4%\u00bb][et_pb_row _builder_version=\u00bb3.25&#8243; background_size=\u00bbinitial\u00bb background_position=\u00bbtop_left\u00bb background_repeat=\u00bbrepeat\u00bb width=\u00bb84.8%\u00bb min_height=\u00bb12.9px\u00bb custom_padding=\u00bb||0px|||\u00bb animation_style=\u00bbslide\u00bb animation_direction=\u00bbtop\u00bb animation_intensity_slide=\u00bb3%\u00bb][et_pb_column type=\u00bb4_4&#8243; _builder_version=\u00bb3.25&#8243; custom_padding=\u00bb|||\u00bb custom_padding__hover=\u00bb|||\u00bb][et_pb_text _builder_version=\u00bb4.8.2&#8243; text_font=\u00bb||||||||\u00bb header_font=\u00bbMontserrat|700||on|||||dotted\u00bb header_text_color=\u00bb#353740&#8243; header_font_size=\u00bb60px\u00bb header_line_height=\u00bb1.3em\u00bb background_size=\u00bbinitial\u00bb background_position=\u00bbtop_left\u00bb background_repeat=\u00bbrepeat\u00bb width=\u00bb100%\u00bb custom_margin=\u00bb-7px|0px|-4px|-67px|false|false\u00bb custom_padding=\u00bb|0px||49px|false|false\u00bb animation_style=\u00bbfade\u00bb header_font_size_last_edited=\u00bboff|desktop\u00bb locked=\u00bboff\u00bb disabled_on=\u00bbon|off|off\u00bb]<\/p>\n<h1 style=\"text-align: center;\"><span style=\"color: #32680c;\">formadoras de cajas<\/span><\/h1>\n<p>[\/et_pb_text][et_pb_divider show_divider=\u00bboff\u00bb disabled_on=\u00bbon|on|off%22&#8243; _builder_version=\u00bb3.2&#8243; max_width=\u00bb120px\u00bb animation_style=\u00bbslide\u00bb animation_direction=\u00bbtop\u00bb animation_intensity_slide=\u00bb30%\u00bb][\/et_pb_divider][\/et_pb_column][\/et_pb_row][et_pb_row _builder_version=\u00bb4.8.2&#8243; _module_preset=\u00bbdefault\u00bb width=\u00bb80.5%\u00bb max_width=\u00bb1557px\u00bb min_height=\u00bb47.5px\u00bb custom_padding=\u00bb15px|3px||0px||\u00bb][et_pb_column type=\u00bb4_4&#8243; _builder_version=\u00bb4.8.2&#8243; _module_preset=\u00bbdefault\u00bb][et_pb_text _builder_version=\u00bb4.8.2&#8243; _module_preset=\u00bbdefault\u00bb width=\u00bb64%\u00bb custom_margin=\u00bb-19px|487px|-1px|1px|false|false\u00bb custom_padding=\u00bb0px|22px|0px|0px|false|false\u00bb box_shadow_style=\u00bbpreset4&#8243; box_shadow_color=\u00bb#0c4719&#8243;]<\/p>\n<h1><strong>Gama Semiautom\u00e1tica<\/strong><\/h1>\n<p>[\/et_pb_text][\/et_pb_column][\/et_pb_row][et_pb_row column_structure=\u00bb1_2,1_2&#8243; _builder_version=\u00bb4.8.2&#8243; _module_preset=\u00bbdefault\u00bb width=\u00bb87.2%\u00bb custom_margin=\u00bb|auto|88px|auto||\u00bb custom_padding=\u00bb||0px|0px||\u00bb][et_pb_column type=\u00bb1_2&#8243; _builder_version=\u00bb4.8.2&#8243; _module_preset=\u00bbdefault\u00bb][et_pb_text _builder_version=\u00bb4.8.2&#8243; _module_preset=\u00bbdefault\u00bb width=\u00bb95.6%\u00bb custom_margin=\u00bb|||-4px||\u00bb custom_padding=\u00bb|13px||||\u00bb]<\/p>\n<h3><span style=\"color: #008000;\"><strong><u>STICK BOX<\/u><\/strong><\/span><\/h3>\n<p><span>DESCRIPCION<\/span><\/p>\n<p><span>La formadora de cajas semiautom\u00e1tica stick box es un instrumento de gran ayuda para formar cajas y llenarlas en el mismo lugar.<\/span><\/p>\n<p><span>El operario despliega la caja, la coloca en la formadora y tras activar un palpador con la misma caja, se activa un mecanismo neum\u00e1tico que deja sujetas las solapas y el operario tiene las manos libres para poder llenar la caja sin problema que la caja se mueva.<\/span><\/p>\n<p><span>Cuando el operario ha llenado la caja bastara con pulsar un bot\u00f3n para expulsar la caja y que pase normalmente a una precintadora para su cerrado superior e inferior.<\/span><\/p>\n<p><span>\u00a0<\/span><\/p>\n<p>[\/et_pb_text][et_pb_divider show_divider=\u00bboff\u00bb disabled_on=\u00bbon|on|off%22&#8243; _builder_version=\u00bb3.2&#8243; max_width=\u00bb120px\u00bb animation_style=\u00bbslide\u00bb animation_direction=\u00bbtop\u00bb animation_intensity_slide=\u00bb30%\u00bb][\/et_pb_divider][et_pb_text _builder_version=\u00bb4.8.2&#8243; _module_preset=\u00bbdefault\u00bb width=\u00bb64%\u00bb custom_margin=\u00bb-19px|487px|-1px|1px|false|false\u00bb custom_padding=\u00bb0px|22px|0px|0px|false|false\u00bb box_shadow_style=\u00bbpreset4&#8243; box_shadow_color=\u00bb#0c4719&#8243;]<\/p>\n<h1 style=\"text-align: left;\"><strong>Gama Autom\u00e1tica<\/strong><\/h1>\n<p>[\/et_pb_text][et_pb_divider show_divider=\u00bboff\u00bb disabled_on=\u00bbon|on|off%22&#8243; _builder_version=\u00bb3.2&#8243; max_width=\u00bb120px\u00bb animation_style=\u00bbslide\u00bb animation_direction=\u00bbtop\u00bb animation_intensity_slide=\u00bb30%\u00bb][\/et_pb_divider][et_pb_text _builder_version=\u00bb4.8.2&#8243; _module_preset=\u00bbdefault\u00bb width=\u00bb95.6%\u00bb min_height=\u00bb553px\u00bb custom_margin=\u00bb-17px||3px|-4px||\u00bb custom_padding=\u00bb48px|13px|0px|||\u00bb]<\/p>\n<h3><span style=\"color: #008000;\"><strong><u>SUPPER BOX<\/u><\/strong><\/span><\/h3>\n<p><span>DESCRIPCION<\/span><\/p>\n<p><span>M\u00e1quina completamente autom\u00e1tica para el formado de cajas de cart\u00f3n sin la intervenci\u00f3n de ning\u00fan operario.<\/span><\/p>\n<p><span>Las cajas plegadas situadas en el almac\u00e9n de la m\u00e1quina son tomadas por un sistema de ventosas al vac\u00edo que las abre y coloca en la posici\u00f3n de formado, las ventosas y un brazo angulado las transporta longitudinalmente a trav\u00e9s de la m\u00e1quina para un r\u00e1pido plegado de las solapas inferiores quedando la caja formada para su sellado. Se precinta el fondo de la caja y queda preparada para su llenado.<\/span><\/p>\n<p>[\/et_pb_text][\/et_pb_column][et_pb_column type=\u00bb1_2&#8243; _builder_version=\u00bb4.8.2&#8243; _module_preset=\u00bbdefault\u00bb][et_pb_image src=\u00bbhttp:\/\/www.castillapack.es\/wp-content\/uploads\/2021\/04\/image042.jpg\u00bb title_text=\u00bbimage042&#8243; _builder_version=\u00bb4.8.2&#8243; _module_preset=\u00bbdefault\u00bb][\/et_pb_image][et_pb_image src=\u00bbhttp:\/\/www.castillapack.es\/wp-content\/uploads\/2021\/04\/image043.jpg\u00bb title_text=\u00bbimage043&#8243; _builder_version=\u00bb4.8.2&#8243; _module_preset=\u00bbdefault\u00bb custom_padding=\u00bb35px|||||\u00bb][\/et_pb_image][\/et_pb_column][\/et_pb_row][\/et_pb_section]<\/p>\n","protected":false},"excerpt":{"rendered":"<p>formadoras de cajasGama Semiautom\u00e1ticaSTICK BOX DESCRIPCION La formadora de cajas semiautom\u00e1tica stick box es un instrumento de gran ayuda para formar cajas y llenarlas en el mismo lugar. El operario despliega la caja, la coloca en la formadora y tras activar un palpador con la misma caja, se activa un mecanismo neum\u00e1tico que deja sujetas [&hellip;]<\/p>\n","protected":false},"author":1,"featured_media":0,"parent":0,"menu_order":0,"comment_status":"closed","ping_status":"closed","template":"","meta":{"_et_pb_use_builder":"on","_et_pb_old_content":"<!-- wp:divi\/placeholder \/-->","_et_gb_content_width":"","footnotes":""},"class_list":["post-245","page","type-page","status-publish","hentry"],"_links":{"self":[{"href":"https:\/\/www.castillapack.es\/index.php?rest_route=\/wp\/v2\/pages\/245","targetHints":{"allow":["GET"]}}],"collection":[{"href":"https:\/\/www.castillapack.es\/index.php?rest_route=\/wp\/v2\/pages"}],"about":[{"href":"https:\/\/www.castillapack.es\/index.php?rest_route=\/wp\/v2\/types\/page"}],"author":[{"embeddable":true,"href":"https:\/\/www.castillapack.es\/index.php?rest_route=\/wp\/v2\/users\/1"}],"replies":[{"embeddable":true,"href":"https:\/\/www.castillapack.es\/index.php?rest_route=%2Fwp%2Fv2%2Fcomments&post=245"}],"version-history":[{"count":14,"href":"https:\/\/www.castillapack.es\/index.php?rest_route=\/wp\/v2\/pages\/245\/revisions"}],"predecessor-version":[{"id":1201,"href":"https:\/\/www.castillapack.es\/index.php?rest_route=\/wp\/v2\/pages\/245\/revisions\/1201"}],"wp:attachment":[{"href":"https:\/\/www.castillapack.es\/index.php?rest_route=%2Fwp%2Fv2%2Fmedia&parent=245"}],"curies":[{"name":"wp","href":"https:\/\/api.w.org\/{rel}","templated":true}]}}